{"id":1215,"date":"2021-03-22T02:20:47","date_gmt":"2021-03-22T05:20:47","guid":{"rendered":"https:\/\/www.cdv.cl\/sitio\/?page_id=1215"},"modified":"2025-09-24T20:03:18","modified_gmt":"2025-09-24T23:03:18","slug":"principal","status":"publish","type":"page","link":"https:\/\/www.cdvbasket.cl\/sitio\/","title":{"rendered":"PRINCIPAL"},"content":{"rendered":"\t\t<div data-elementor-type=\"wp-page\" data-elementor-id=\"1215\" class=\"elementor elementor-1215\">\n\t\t\t\t\t\t\t\t\t<section class=\"elementor-section elementor-top-section elementor-element elementor-element-ac74cb1 elementor-section-boxed elementor-section-height-default elementor-section-height-default\" data-id=\"ac74cb1\" data-element_type=\"section\">\n\t\t\t\t\t\t<div class=\"elementor-container elementor-column-gap-default\">\n\t\t\t\t\t<div class=\"elementor-column elementor-col-50 elementor-top-column elementor-element elementor-element-dab682a\" data-id=\"dab682a\" data-element_type=\"column\">\n\t\t\t<div class=\"elementor-widget-wrap elementor-element-populated\">\n\t\t\t\t\t\t\t\t<div class=\"elementor-element elementor-element-6c0a6bf elementor--h-position-left elementor--v-position-bottom elementor-arrows-position-inside elementor-pagination-position-inside elementor-widget elementor-widget-slides\" data-id=\"6c0a6bf\" data-element_type=\"widget\" data-settings=\"{&quot;navigation&quot;:&quot;both&quot;,&quot;autoplay&quot;:&quot;yes&quot;,&quot;pause_on_hover&quot;:&quot;yes&quot;,&quot;pause_on_interaction&quot;:&quot;yes&quot;,&quot;autoplay_speed&quot;:5000,&quot;infinite&quot;:&quot;yes&quot;,&quot;transition&quot;:&quot;slide&quot;,&quot;transition_speed&quot;:500}\" data-widget_type=\"slides.default\">\n\t\t\t\t<div class=\"elementor-widget-container\">\n\t\t\t\t\t<div class=\"elementor-swiper\">\n\t\t\t<div class=\"elementor-slides-wrapper elementor-main-swiper swiper-container\" dir=\"ltr\" data-animation=\"fadeInUp\">\n\t\t\t\t<div class=\"swiper-wrapper elementor-slides\">\n\t\t\t\t\t\t\t\t\t\t<div class=\"elementor-repeater-item-7732579 swiper-slide\"><div class=\"swiper-slide-bg\"><\/div><a class=\"swiper-slide-inner\" href=\"https:\/\/www.cdvbasket.cl\/sitio\/2024\/06\/03\/club-deportivo-valdivia-no-pudo-con-la-universidad-de-concepcion\/\"><div class=\"swiper-slide-contents\"><div class=\"elementor-slide-heading\">El CDV no pudo con UdeC<\/div><div class=\"elementor-slide-description\">Luego de perder el tercer juego de la serie contra el Campanil, se termin\u00f3 nuestra temporada en la Liga Jugabet by Cecinas Llanquihue.<\/div><div  class=\"elementor-button elementor-slide-button elementor-size-xs\">Leer M\u00e1s<\/div><\/div><\/a><\/div><div class=\"elementor-repeater-item-11e0a77 swiper-slide\"><div class=\"swiper-slide-bg\"><\/div><div class=\"swiper-slide-inner\" ><div class=\"swiper-slide-contents\"><div class=\"elementor-slide-heading\">Acuerdo con Cl\u00ednica Costanera<\/div><div class=\"elementor-slide-description\">Una alianza por la salud preventiva y el bienestar del b\u00e1squetbol valdiviano.<\/div><a href=\"https:\/\/www.cdvbasket.cl\/sitio\/2024\/05\/27\/clinica-costanera-y-club-deportivo-valdivia-una-alianza-por-la-salud-preventiva-y-el-bienestar-del-basquetbol-valdiviano\/\" class=\"elementor-button elementor-slide-button elementor-size-xs\">VER<\/a><\/div><\/div><\/div>\t\t\t\t<\/div>\n\t\t\t\t\t\t\t\t\t\t\t\t\t\t\t<div class=\"swiper-pagination\"><\/div>\n\t\t\t\t\t\t\t\t\t\t\t\t\t\t\t\t<div class=\"elementor-swiper-button elementor-swiper-button-prev\">\n\t\t\t\t\t\t\t<i aria-hidden=\"true\" class=\"eicon-chevron-left\"><\/i>\t\t\t\t\t\t\t<span class=\"elementor-screen-only\">Previous<\/span>\n\t\t\t\t\t\t<\/div>\n\t\t\t\t\t\t<div class=\"elementor-swiper-button elementor-swiper-button-next\">\n\t\t\t\t\t\t\t<i aria-hidden=\"true\" class=\"eicon-chevron-right\"><\/i>\t\t\t\t\t\t\t<span class=\"elementor-screen-only\">Next<\/span>\n\t\t\t\t\t\t<\/div>\n\t\t\t\t\t\t\t\t\t\t\t\t<\/div>\n\t\t<\/div>\n\t\t\t\t<\/div>\n\t\t\t\t<\/div>\n\t\t\t\t\t<\/div>\n\t\t<\/div>\n\t\t\t\t<div class=\"elementor-column elementor-col-50 elementor-top-column elementor-element elementor-element-a53e31a\" data-id=\"a53e31a\" data-element_type=\"column\">\n\t\t\t<div class=\"elementor-widget-wrap elementor-element-populated\">\n\t\t\t\t\t\t\t\t<div class=\"elementor-element elementor-element-abf4844 elementor-widget elementor-widget-image\" data-id=\"abf4844\" data-element_type=\"widget\" data-widget_type=\"image.default\">\n\t\t\t\t<div class=\"elementor-widget-container\">\n\t\t\t\t\t\t\t\t\t\t\t\t\t\t\t\t<a href=\"https:\/\/www.basquetpass.tv\/#plans\" target=\"_blank\">\n\t\t\t\t\t\t\t<img width=\"819\" height=\"1024\" src=\"https:\/\/www.cdvbasket.cl\/sitio\/wp-content\/uploads\/2025\/09\/BASQUETPASS.TV_-819x1024.jpeg\" class=\"attachment-large size-large\" alt=\"\" loading=\"lazy\" srcset=\"https:\/\/www.cdvbasket.cl\/sitio\/wp-content\/uploads\/2025\/09\/BASQUETPASS.TV_-819x1024.jpeg 819w, https:\/\/www.cdvbasket.cl\/sitio\/wp-content\/uploads\/2025\/09\/BASQUETPASS.TV_-240x300.jpeg 240w, https:\/\/www.cdvbasket.cl\/sitio\/wp-content\/uploads\/2025\/09\/BASQUETPASS.TV_-768x961.jpeg 768w, https:\/\/www.cdvbasket.cl\/sitio\/wp-content\/uploads\/2025\/09\/BASQUETPASS.TV_-85x105.jpeg 85w, https:\/\/www.cdvbasket.cl\/sitio\/wp-content\/uploads\/2025\/09\/BASQUETPASS.TV_-78x98.jpeg 78w, https:\/\/www.cdvbasket.cl\/sitio\/wp-content\/uploads\/2025\/09\/BASQUETPASS.TV_-600x751.jpeg 600w, https:\/\/www.cdvbasket.cl\/sitio\/wp-content\/uploads\/2025\/09\/BASQUETPASS.TV_.jpeg 1132w\" sizes=\"(max-width: 819px) 100vw, 819px\" \/>\t\t\t\t\t\t\t\t<\/a>\n\t\t\t\t\t\t\t\t\t\t\t\t\t\t\t<\/div>\n\t\t\t\t<\/div>\n\t\t\t\t\t<\/div>\n\t\t<\/div>\n\t\t\t\t\t\t\t<\/div>\n\t\t<\/section>\n\t\t\t\t<section class=\"elementor-section elementor-top-section elementor-element elementor-element-ee8a080 elementor-section-boxed elementor-section-height-default elementor-section-height-default\" data-id=\"ee8a080\" data-element_type=\"section\">\n\t\t\t\t\t\t<div class=\"elementor-container elementor-column-gap-default\">\n\t\t\t\t\t<div class=\"elementor-column elementor-col-100 elementor-top-column elementor-element elementor-element-4ea8e00\" data-id=\"4ea8e00\" data-element_type=\"column\">\n\t\t\t<div class=\"elementor-widget-wrap elementor-element-populated\">\n\t\t\t\t\t\t\t\t<div class=\"elementor-element elementor-element-022e974 elementor-grid-3 elementor-grid-tablet-2 elementor-grid-mobile-1 elementor-posts--thumbnail-top elementor-widget elementor-widget-posts\" data-id=\"022e974\" data-element_type=\"widget\" data-settings=\"{&quot;classic_row_gap&quot;:{&quot;unit&quot;:&quot;px&quot;,&quot;size&quot;:1,&quot;sizes&quot;:[]},&quot;classic_columns&quot;:&quot;3&quot;,&quot;classic_columns_tablet&quot;:&quot;2&quot;,&quot;classic_columns_mobile&quot;:&quot;1&quot;,&quot;classic_row_gap_tablet&quot;:{&quot;unit&quot;:&quot;px&quot;,&quot;size&quot;:&quot;&quot;,&quot;sizes&quot;:[]},&quot;classic_row_gap_mobile&quot;:{&quot;unit&quot;:&quot;px&quot;,&quot;size&quot;:&quot;&quot;,&quot;sizes&quot;:[]}}\" data-widget_type=\"posts.classic\">\n\t\t\t\t<div class=\"elementor-widget-container\">\n\t\t\t\t\t<div class=\"elementor-posts-container elementor-posts elementor-posts--skin-classic elementor-grid\">\n\t\t\t\t<article class=\"elementor-post elementor-grid-item post-3617 post type-post status-publish format-standard has-post-thumbnail hentry category-liga-chery-by-cecinas-llanquihue-2025\">\n\t\t\t\t<a class=\"elementor-post__thumbnail__link\" href=\"https:\/\/www.cdvbasket.cl\/sitio\/2025\/04\/14\/club-deportivo-valdivia-se-despide-de-su-capitan-y-de-la-liga-chery\/\" target=&quot;_blank&quot;>\n\t\t\t<div class=\"elementor-post__thumbnail\"><img width=\"300\" height=\"200\" src=\"https:\/\/www.cdvbasket.cl\/sitio\/wp-content\/uploads\/2025\/04\/IMG_0221-liviano-300x200.jpg\" class=\"attachment-medium size-medium\" alt=\"\" loading=\"lazy\" \/><\/div>\n\t\t<\/a>\n\t\t\t\t<div class=\"elementor-post__text\">\n\t\t\t\t<h3 class=\"elementor-post__title\">\n\t\t\t<a href=\"https:\/\/www.cdvbasket.cl\/sitio\/2025\/04\/14\/club-deportivo-valdivia-se-despide-de-su-capitan-y-de-la-liga-chery\/\" target=&quot;_blank&quot;>\n\t\t\t\tClub Deportivo Valdivia se despide de su capit\u00e1n y de la Liga Chery\ufffc\t\t\t<\/a>\n\t\t<\/h3>\n\t\t\t\t<div class=\"elementor-post__meta-data\">\n\t\t\t\t\t<span class=\"elementor-post-date\">\n\t\t\tabril 14, 2025\t\t<\/span>\n\t\t\t\t<\/div>\n\t\t\t\t<div class=\"elementor-post__excerpt\">\n\t\t\t<p>Tras la victoria y las dos derrotas de esta semana, los valdivianos quedan fuera de la postemporada. Por Emilia Burgos Villalobos El Club Deportivo Valdivia<\/p>\n\t\t<\/div>\n\t\t\t\t\t<a class=\"elementor-post__read-more\" href=\"https:\/\/www.cdvbasket.cl\/sitio\/2025\/04\/14\/club-deportivo-valdivia-se-despide-de-su-capitan-y-de-la-liga-chery\/\" target=\"_blank\">\n\t\t\t\tLeer M\u00e1s \u00bb\t\t\t<\/a>\n\t\t\t\t<\/div>\n\t\t\t\t<\/article>\n\t\t\t\t<article class=\"elementor-post elementor-grid-item post-3611 post type-post status-publish format-standard hentry category-liga-chery-by-cecinas-llanquihue-2025\">\n\t\t\t\t<div class=\"elementor-post__text\">\n\t\t\t\t<h3 class=\"elementor-post__title\">\n\t\t\t<a href=\"https:\/\/www.cdvbasket.cl\/sitio\/2025\/03\/31\/club-deportivo-valdivia-registro-3-derrotas-en-liga-chery\/\" target=&quot;_blank&quot;>\n\t\t\t\tClub Deportivo Valdivia registr\u00f3 3 derrotas en Liga Chery\t\t\t<\/a>\n\t\t<\/h3>\n\t\t\t\t<div class=\"elementor-post__meta-data\">\n\t\t\t\t\t<span class=\"elementor-post-date\">\n\t\t\tmarzo 31, 2025\t\t<\/span>\n\t\t\t\t<\/div>\n\t\t\t\t<div class=\"elementor-post__excerpt\">\n\t\t\t<p>Los albirrojos se mantienen pen\u00faltimos en la tabla de posiciones. Por Emilia Burgos Villalobos En la d\u00e9cima semana de la Liga Chery by Cecinas Llanquihue,<\/p>\n\t\t<\/div>\n\t\t\t\t\t<a class=\"elementor-post__read-more\" href=\"https:\/\/www.cdvbasket.cl\/sitio\/2025\/03\/31\/club-deportivo-valdivia-registro-3-derrotas-en-liga-chery\/\" target=\"_blank\">\n\t\t\t\tLeer M\u00e1s \u00bb\t\t\t<\/a>\n\t\t\t\t<\/div>\n\t\t\t\t<\/article>\n\t\t\t\t<article class=\"elementor-post elementor-grid-item post-3603 post type-post status-publish format-standard has-post-thumbnail hentry category-liga-uno-by-cecinas-llanquihue-2025\">\n\t\t\t\t<a class=\"elementor-post__thumbnail__link\" href=\"https:\/\/www.cdvbasket.cl\/sitio\/2025\/03\/24\/club-deportivo-valdivia-rgistro-una-victoria-y-una-derrota\/\" target=&quot;_blank&quot;>\n\t\t\t<div class=\"elementor-post__thumbnail\"><img width=\"300\" height=\"239\" src=\"https:\/\/www.cdvbasket.cl\/sitio\/wp-content\/uploads\/2025\/03\/WhatsApp-Image-2025-03-23-at-17.00.44-e1742833583703-300x239.jpeg\" class=\"attachment-medium size-medium\" alt=\"\" loading=\"lazy\" \/><\/div>\n\t\t<\/a>\n\t\t\t\t<div class=\"elementor-post__text\">\n\t\t\t\t<h3 class=\"elementor-post__title\">\n\t\t\t<a href=\"https:\/\/www.cdvbasket.cl\/sitio\/2025\/03\/24\/club-deportivo-valdivia-rgistro-una-victoria-y-una-derrota\/\" target=&quot;_blank&quot;>\n\t\t\t\tClub Deportivo Valdivia registr\u00f3 una victoria y una derrota\t\t\t<\/a>\n\t\t<\/h3>\n\t\t\t\t<div class=\"elementor-post__meta-data\">\n\t\t\t\t\t<span class=\"elementor-post-date\">\n\t\t\tmarzo 24, 2025\t\t<\/span>\n\t\t\t\t<\/div>\n\t\t\t\t<div class=\"elementor-post__excerpt\">\n\t\t\t<p>Tras los resultados de esta semana, el CDV suma 38 puntos y se mantiene pen\u00faltimo en la tabla de posiciones. Por Emilia Burgos Villalobos Durante<\/p>\n\t\t<\/div>\n\t\t\t\t\t<a class=\"elementor-post__read-more\" href=\"https:\/\/www.cdvbasket.cl\/sitio\/2025\/03\/24\/club-deportivo-valdivia-rgistro-una-victoria-y-una-derrota\/\" target=\"_blank\">\n\t\t\t\tLeer M\u00e1s \u00bb\t\t\t<\/a>\n\t\t\t\t<\/div>\n\t\t\t\t<\/article>\n\t\t\t\t<article class=\"elementor-post elementor-grid-item post-3595 post type-post status-publish format-standard has-post-thumbnail hentry category-liga-uno-by-cecinas-llanquihue-2025 category-sin-categoria\">\n\t\t\t\t<a class=\"elementor-post__thumbnail__link\" href=\"https:\/\/www.cdvbasket.cl\/sitio\/2025\/03\/18\/club-deportivo-valdivia-registraron-2-victorias-en-casa\/\" target=&quot;_blank&quot;>\n\t\t\t<div class=\"elementor-post__thumbnail\"><img width=\"300\" height=\"200\" src=\"https:\/\/www.cdvbasket.cl\/sitio\/wp-content\/uploads\/2025\/03\/IMG_5091-liviano-300x200.jpg\" class=\"attachment-medium size-medium\" alt=\"\" loading=\"lazy\" \/><\/div>\n\t\t<\/a>\n\t\t\t\t<div class=\"elementor-post__text\">\n\t\t\t\t<h3 class=\"elementor-post__title\">\n\t\t\t<a href=\"https:\/\/www.cdvbasket.cl\/sitio\/2025\/03\/18\/club-deportivo-valdivia-registraron-2-victorias-en-casa\/\" target=&quot;_blank&quot;>\n\t\t\t\tClub Deportivo Valdivia registraron 2 victorias en casa\t\t\t<\/a>\n\t\t<\/h3>\n\t\t\t\t<div class=\"elementor-post__meta-data\">\n\t\t\t\t\t<span class=\"elementor-post-date\">\n\t\t\tmarzo 18, 2025\t\t<\/span>\n\t\t\t\t<\/div>\n\t\t\t\t<div class=\"elementor-post__excerpt\">\n\t\t\t<p>Los valdivianos rompieron su racha de 12 derrotas consecutivas. Por Emilia Burgos Villalobos El equipo albirrojo cerr\u00f3 la octava semana de la Liga Uno by<\/p>\n\t\t<\/div>\n\t\t\t\t\t<a class=\"elementor-post__read-more\" href=\"https:\/\/www.cdvbasket.cl\/sitio\/2025\/03\/18\/club-deportivo-valdivia-registraron-2-victorias-en-casa\/\" target=\"_blank\">\n\t\t\t\tLeer M\u00e1s \u00bb\t\t\t<\/a>\n\t\t\t\t<\/div>\n\t\t\t\t<\/article>\n\t\t\t\t<article class=\"elementor-post elementor-grid-item post-3589 post type-post status-publish format-standard has-post-thumbnail hentry category-liga-uno-by-cecinas-llanquihue-2025\">\n\t\t\t\t<a class=\"elementor-post__thumbnail__link\" href=\"https:\/\/www.cdvbasket.cl\/sitio\/2025\/02\/03\/club-deportivo-valdivia-sufrio-3-duras-derrotas\/\" target=&quot;_blank&quot;>\n\t\t\t<div class=\"elementor-post__thumbnail\"><img width=\"300\" height=\"200\" src=\"https:\/\/www.cdvbasket.cl\/sitio\/wp-content\/uploads\/2025\/02\/IMG_7469-liviano-300x200.jpg\" class=\"attachment-medium size-medium\" alt=\"\" loading=\"lazy\" \/><\/div>\n\t\t<\/a>\n\t\t\t\t<div class=\"elementor-post__text\">\n\t\t\t\t<h3 class=\"elementor-post__title\">\n\t\t\t<a href=\"https:\/\/www.cdvbasket.cl\/sitio\/2025\/02\/03\/club-deportivo-valdivia-sufrio-3-duras-derrotas\/\" target=&quot;_blank&quot;>\n\t\t\t\tClub Deportivo Valdivia sufri\u00f3 3 duras derrotas\t\t\t<\/a>\n\t\t<\/h3>\n\t\t\t\t<div class=\"elementor-post__meta-data\">\n\t\t\t\t\t<span class=\"elementor-post-date\">\n\t\t\tfebrero 3, 2025\t\t<\/span>\n\t\t\t\t<\/div>\n\t\t\t\t<div class=\"elementor-post__excerpt\">\n\t\t\t<p>Tras estos resultados, los valdivianos sumaron 3 puntos en la Liga Uno.\u00a0 Por Emilia Burgos Villalobos El Club Deportivo Valdivia disput\u00f3 tres encuentros durante la<\/p>\n\t\t<\/div>\n\t\t\t\t\t<a class=\"elementor-post__read-more\" href=\"https:\/\/www.cdvbasket.cl\/sitio\/2025\/02\/03\/club-deportivo-valdivia-sufrio-3-duras-derrotas\/\" target=\"_blank\">\n\t\t\t\tLeer M\u00e1s \u00bb\t\t\t<\/a>\n\t\t\t\t<\/div>\n\t\t\t\t<\/article>\n\t\t\t\t<article class=\"elementor-post elementor-grid-item post-3583 post type-post status-publish format-standard has-post-thumbnail hentry category-liga-uno-by-cecinas-llanquihue-2025\">\n\t\t\t\t<a class=\"elementor-post__thumbnail__link\" href=\"https:\/\/www.cdvbasket.cl\/sitio\/2025\/01\/28\/club-deportivo-valdivia-sumo-dos-derrotas-por-la-liga-uno%ef%bf%bc\/\" target=&quot;_blank&quot;>\n\t\t\t<div class=\"elementor-post__thumbnail\"><img width=\"300\" height=\"199\" src=\"https:\/\/www.cdvbasket.cl\/sitio\/wp-content\/uploads\/2025\/01\/CVC_8050-liviano-300x199.jpg\" class=\"attachment-medium size-medium\" alt=\"\" loading=\"lazy\" \/><\/div>\n\t\t<\/a>\n\t\t\t\t<div class=\"elementor-post__text\">\n\t\t\t\t<h3 class=\"elementor-post__title\">\n\t\t\t<a href=\"https:\/\/www.cdvbasket.cl\/sitio\/2025\/01\/28\/club-deportivo-valdivia-sumo-dos-derrotas-por-la-liga-uno%ef%bf%bc\/\" target=&quot;_blank&quot;>\n\t\t\t\tClub Deportivo Valdivia sum\u00f3 dos derrotas por la Liga Uno\t\t\t<\/a>\n\t\t<\/h3>\n\t\t\t\t<div class=\"elementor-post__meta-data\">\n\t\t\t\t\t<span class=\"elementor-post-date\">\n\t\t\tenero 28, 2025\t\t<\/span>\n\t\t\t\t<\/div>\n\t\t\t\t<div class=\"elementor-post__excerpt\">\n\t\t\t<p>Con estos resultados, los albirrojos se mantienen pen\u00faltimos en la tabla de posiciones.&nbsp; Por Emilia Burgos Villalobos El Club Deportivo Valdivia complet\u00f3 dos encuentros durante<\/p>\n\t\t<\/div>\n\t\t\t\t\t<a class=\"elementor-post__read-more\" href=\"https:\/\/www.cdvbasket.cl\/sitio\/2025\/01\/28\/club-deportivo-valdivia-sumo-dos-derrotas-por-la-liga-uno%ef%bf%bc\/\" target=\"_blank\">\n\t\t\t\tLeer M\u00e1s \u00bb\t\t\t<\/a>\n\t\t\t\t<\/div>\n\t\t\t\t<\/article>\n\t\t\t\t<\/div>\n\n\n\t\t\n\t\t\t\t<\/div>\n\t\t\t\t<\/div>\n\t\t\t\t\t<\/div>\n\t\t<\/div>\n\t\t\t\t\t\t\t<\/div>\n\t\t<\/section>\n\t\t\t\t\t\t\t<\/div>\n\t\t","protected":false},"excerpt":{"rendered":"<p>El CDV no pudo con UdeCLuego de perder el tercer juego de la serie contra el Campanil, se termin\u00f3 nuestra temporada en la Liga Jugabet by Cecinas Llanquihue.Leer M\u00e1sAcuerdo con Cl\u00ednica CostaneraUna alianza por la salud preventiva y el bienestar del b\u00e1squetbol valdiviano.VER Previous Next<\/p>\n","protected":false},"author":1,"featured_media":1507,"parent":0,"menu_order":0,"comment_status":"closed","ping_status":"closed","template":"elementor_header_footer","meta":[],"_links":{"self":[{"href":"https:\/\/www.cdvbasket.cl\/sitio\/wp-json\/wp\/v2\/pages\/1215"}],"collection":[{"href":"https:\/\/www.cdvbasket.cl\/sitio\/wp-json\/wp\/v2\/pages"}],"about":[{"href":"https:\/\/www.cdvbasket.cl\/sitio\/wp-json\/wp\/v2\/types\/page"}],"author":[{"embeddable":true,"href":"https:\/\/www.cdvbasket.cl\/sitio\/wp-json\/wp\/v2\/users\/1"}],"replies":[{"embeddable":true,"href":"https:\/\/www.cdvbasket.cl\/sitio\/wp-json\/wp\/v2\/comments?post=1215"}],"version-history":[{"count":251,"href":"https:\/\/www.cdvbasket.cl\/sitio\/wp-json\/wp\/v2\/pages\/1215\/revisions"}],"predecessor-version":[{"id":3647,"href":"https:\/\/www.cdvbasket.cl\/sitio\/wp-json\/wp\/v2\/pages\/1215\/revisions\/3647"}],"wp:featuredmedia":[{"embeddable":true,"href":"https:\/\/www.cdvbasket.cl\/sitio\/wp-json\/wp\/v2\/media\/1507"}],"wp:attachment":[{"href":"https:\/\/www.cdvbasket.cl\/sitio\/wp-json\/wp\/v2\/media?parent=1215"}],"curies":[{"name":"wp","href":"https:\/\/api.w.org\/{rel}","templated":true}]}}