{"id":1391,"date":"2021-08-20T13:47:00","date_gmt":"2021-08-20T16:47:00","guid":{"rendered":"https:\/\/www.cdv.cl\/sitio\/?page_id=1391"},"modified":"2024-04-08T00:45:38","modified_gmt":"2024-04-08T03:45:38","slug":"historia","status":"publish","type":"page","link":"https:\/\/www.cdvbasket.cl\/sitio\/historia\/","title":{"rendered":"Historia"},"content":{"rendered":"\t\t<div data-elementor-type=\"wp-page\" data-elementor-id=\"1391\" class=\"elementor elementor-1391\">\n\t\t\t\t\t\t\t\t\t<section class=\"elementor-section elementor-top-section elementor-element elementor-element-bfbeee2 elementor-section-height-min-height elementor-section-boxed elementor-section-height-default elementor-section-items-middle\" data-id=\"bfbeee2\" data-element_type=\"section\">\n\t\t\t\t\t\t<div class=\"elementor-container elementor-column-gap-default\">\n\t\t\t\t\t<div class=\"elementor-column elementor-col-100 elementor-top-column elementor-element elementor-element-105709c\" data-id=\"105709c\" data-element_type=\"column\" data-settings=\"{&quot;background_background&quot;:&quot;classic&quot;}\">\n\t\t\t<div class=\"elementor-widget-wrap elementor-element-populated\">\n\t\t\t\t\t\t\t\t<div class=\"elementor-element elementor-element-b9a7ddf elementor-widget elementor-widget-heading\" data-id=\"b9a7ddf\" data-element_type=\"widget\" data-widget_type=\"heading.default\">\n\t\t\t\t<div class=\"elementor-widget-container\">\n\t\t\t<h2 class=\"elementor-heading-title elementor-size-default\">\"PASION, IDENTIDAD y COMPROMISO\"<\/h2>\t\t<\/div>\n\t\t\t\t<\/div>\n\t\t\t\t\t<\/div>\n\t\t<\/div>\n\t\t\t\t\t\t\t<\/div>\n\t\t<\/section>\n\t\t\t\t<section class=\"elementor-section elementor-top-section elementor-element elementor-element-6163a7fe elementor-section-boxed elementor-section-height-default elementor-section-height-default\" data-id=\"6163a7fe\" data-element_type=\"section\">\n\t\t\t\t\t\t<div class=\"elementor-container elementor-column-gap-default\">\n\t\t\t\t\t<div class=\"elementor-column elementor-col-100 elementor-top-column elementor-element elementor-element-45c2ea1f\" data-id=\"45c2ea1f\" data-element_type=\"column\">\n\t\t\t<div class=\"elementor-widget-wrap elementor-element-populated\">\n\t\t\t\t\t\t\t\t<div class=\"elementor-element elementor-element-1fa683c7 elementor-widget elementor-widget-text-editor\" data-id=\"1fa683c7\" data-element_type=\"widget\" data-widget_type=\"text-editor.default\">\n\t\t\t\t<div class=\"elementor-widget-container\">\n\t\t\t\t\t\t\t<p>[vc_column css=\u00bb.vc_custom_1629479403507{background-color: #e0e0e0 !important;}\u00bb][vc_column_text]La etapa profesional del CDV comienza en 1987, cuando se concreta la uni\u00f3n de fuerzas entre las principales instituciones cesteras de la ciudad \u2013 entre los que se contaban clubes como Salesianos, Phoenix, Deportivo UACh y otros &#8211; los que, liderados por Antonio Azurmendy Riveros, deciden proyectar al Club Deportivo Valdivia hacia las principales ligas cesteras de ese entonces: LIGASUR y DIMAYOR, el torneo m\u00e1s importante del b\u00e1squetbol chileno.<\/p><p>Con su debut en 1987 en LIGASUR y DIMAYOR, nuestro Club inici\u00f3 una trayectoria de 35 temporadas consecutivas en la m\u00e1xima categor\u00eda del baloncesto profesional chileno: primero en DIMAYOR, luego en LIBSUR y Liga SAESA, torneo del cual fue uno de sus fundadores en 1999 y en el que ha participado en todas sus ediciones, siempre en Primera Divisi\u00f3n; y finalmente en la Liga Nacional de B\u00e1squetbol desde la temporada 2011 hasta el presente, tambi\u00e9n manteni\u00e9ndose ininterrumpidamente en la m\u00e1xima categor\u00eda.<\/p><h3>PALMAR\u00c9S<\/h3><h4>CAMPEONATOS<\/h4><p>[\/vc_column_text][stm_team_history feature=\u00bb%5B%7B%22year%22%3A%221995%22%2C%22title%22%3A%22Apertura%20DIMAYOR%22%7D%2C%7B%22year%22%3A%222001-02%22%2C%22title%22%3A%22Dimayor%22%7D%2C%7B%22year%22%3A%222011%22%2C%22title%22%3A%22Libsur%20Saesa%22%7D%2C%7B%22year%22%3A%222015-16%22%2C%22title%22%3A%22Liga%20Nacional%22%7D%2C%7B%22year%22%3A%222016%22%2C%22title%22%3A%22Liga%20Saesa%22%7D%2C%7B%22year%22%3A%222017%22%2C%22title%22%3A%22Liga%20Saesa%22%7D%2C%7B%22year%22%3A%222018-19%22%2C%22title%22%3A%22Liga%20Nacional%22%7D%2C%7B%7D%5D\u00bb][vc_column_text]<\/p><h4>OTROS LOGROS<\/h4><p>[\/vc_column_text][\/vc_column][vc_row][vc_column css=\u00bb.vc_custom_1629479739210{background-color: #e0e0e0 !important;}\u00bb][stm_team_history feature=\u00bb%5B%7B%22year%22%3A%222006%22%2C%22title%22%3A%22Campe%C3%B3n%20Provincias%20del%20Sur%22%7D%2C%7B%22year%22%3A%222002%22%2C%22title%22%3A%22Vicecampe%C3%B3n%20Sudamericano%20de%20Clubes%20Campeones%22%7D%2C%7B%7D%5D\u00bb][\/vc_column][\/vc_row][vc_row][vc_column][vc_column_text]<\/p><hr \/><h4>\u00a0<\/h4><h4>EL COLISEO Y ANTONIO AZURMENDY<\/h4><p><span style=\"color: var( --e-global-color-text ); font-family: var( --e-global-typography-text-font-family ), Sans-serif;\"><br \/>Desde 1987, el CDV disputa sus juegos de local en el Coliseo de Valdivia. Este recinto, inaugurado en 1966 con la disputa del Campeonato Mundial Extraordinario de B\u00e1squetbol, fue bautizado en 1996 con el nombre de nuestro expresidente Antonio Azurmendy Riveros, como un gesto de reconocimiento al trabajo de toda su vida en servicio de la ciudad y del b\u00e1squetbol valdiviano, trabajo que llev\u00f3 al Coliseo a ser llamado en el medio cestero nacional como la \u201cCatedral\u201d del B\u00e1squetbol chileno, y a la ciudad de Valdivia a ser reconocida como la \u201cCapital\u201d del B\u00e1squetbol chileno por la Federaci\u00f3n Internacional de B\u00e1squetbol (FIBA).[\/vc_column_text][\/vc_column]<\/span><\/p>\t\t\t\t\t\t<\/div>\n\t\t\t\t<\/div>\n\t\t\t\t\t<\/div>\n\t\t<\/div>\n\t\t\t\t\t\t\t<\/div>\n\t\t<\/section>\n\t\t\t\t\t\t\t<\/div>\n\t\t","protected":false},"excerpt":{"rendered":"<p>\u00abPASION, IDENTIDAD y COMPROMISO\u00bb [vc_column css=\u00bb.vc_custom_1629479403507{background-color: #e0e0e0 !important;}\u00bb][vc_column_text]La etapa profesional del CDV comienza en 1987, cuando se concreta la uni\u00f3n de fuerzas entre las principales instituciones cesteras de la ciudad \u2013 entre los que se contaban clubes como Salesianos, Phoenix, Deportivo UACh y otros &#8211; los que, liderados por Antonio Azurmendy Riveros, deciden proyectar al&#8230;<\/p>\n","protected":false},"author":1,"featured_media":0,"parent":0,"menu_order":0,"comment_status":"closed","ping_status":"closed","template":"","meta":[],"_links":{"self":[{"href":"https:\/\/www.cdvbasket.cl\/sitio\/wp-json\/wp\/v2\/pages\/1391"}],"collection":[{"href":"https:\/\/www.cdvbasket.cl\/sitio\/wp-json\/wp\/v2\/pages"}],"about":[{"href":"https:\/\/www.cdvbasket.cl\/sitio\/wp-json\/wp\/v2\/types\/page"}],"author":[{"embeddable":true,"href":"https:\/\/www.cdvbasket.cl\/sitio\/wp-json\/wp\/v2\/users\/1"}],"replies":[{"embeddable":true,"href":"https:\/\/www.cdvbasket.cl\/sitio\/wp-json\/wp\/v2\/comments?post=1391"}],"version-history":[{"count":54,"href":"https:\/\/www.cdvbasket.cl\/sitio\/wp-json\/wp\/v2\/pages\/1391\/revisions"}],"predecessor-version":[{"id":3282,"href":"https:\/\/www.cdvbasket.cl\/sitio\/wp-json\/wp\/v2\/pages\/1391\/revisions\/3282"}],"wp:attachment":[{"href":"https:\/\/www.cdvbasket.cl\/sitio\/wp-json\/wp\/v2\/media?parent=1391"}],"curies":[{"name":"wp","href":"https:\/\/api.w.org\/{rel}","templated":true}]}}